120 - 2). Suppose 0 = 5*v - 10, -222 = -2*f - 2*v + 6*v. Let x = f + n. What is the units digit of x?
6
Suppose -4*k - 5*r = -6*k + 57, -k + 24 = -4*r. Suppose -4*d + 54 = -5*d. What is the units digit of (d/k)/(3/(-8))?
4
Let s = 20 + -17. Let n(g) be the first derivative of g**4/2 + 3*g**2/2 - 4*g + 6. What is the units digit of n(s)?
9
Let z(w) = -4*w**2 - 11*w - 10. Let j be z(-2). What is the tens digit of (-24)/108 + 2414/(-36)*j?
6
Suppose 412*z + 11082 = 418*z. Let l = 3081 - z. What is the thousands digit of l?
1
Let n(c) = -65*c + 1 + 77 - 62 + 91 - 37*c. What is the hundreds digit of n(-8)?
9
Let z = 76175 + -18032. What is the hundreds digit of z?
1
Let b(j) be the second derivative of 43*j**4/2 - 5*j**3/3 - j**2 + 2*j + 46. What is the tens digit of b(2)?
1
Let k = 92539 - 52419. What is the tens digit of k?
2
Suppose 3*c = 11*c + 40. Let p(a) = -8*a**3 + 5*a**2 + 6*a + 22. What is the units digit of p(c)?
7
Let h = 13816 + -8571. What is the thousands digit of h?
5
Let r(m) = 2*m**3 - 9*m**2 + 10*m + 17. Let t be r(11). Suppose 3*g = -6, -4*i = -5*g + 9*g - t. What is the units digit of i?
7
Suppose -3*l = -6*l, 2*l + 378 + 4489 = h. What is the tens digit of h?
6
Suppose -7124 - 7980 = -2*l. Suppose 10*s - 9548 - l = 0. What is the units digit of s?
0
Let k be (2 + 3/12)/((-30)/(-2480)). Suppose -k*o + 189*o = 2985. What is the tens digit of o?
9
Let y be (-565188)/(-351) - (-4)/(-18). Suppose 0 = 2*k - 5*g - 1058, -3*k + 30*g = 34*g - y. What is the units digit of k?
4
Suppose -2976*a - 122520 = -2982*a. What is the units digit of a?
0
Suppose 3*x - 7*x - r - 40 = 0, 3*x + 30 = 2*r. Let v = -2732 - -2687. Let m = x - v. What is the units digit of m?
5
Suppose -220 = -3*h - 190. Suppose 0 = 2*m - 2 + 4, -4*y - 2*m = -h. Let n(p) = 44*p + 24. What is the units digit of n(y)?
6
Let x(q) = -2*q**2 - 7*q + 18. Let p be x(-6). What is the hundreds digit of ((-8098)/(-12) - -2) + (-2)/p?
6
Let s(j) = 9*j**2 + 40*j - 468. What is the hundreds digit of s(36)?
6
Let z = 21088 + -12213. What is the thousands digit of z?
8
Let c(d) = -64*d + 7. Let y = -233 - -231. What is the tens digit of c(y)?
3
What is the thousands digit of (56/24)/(-7) + (278440/3)/10?
9
Let k(f) = -2*f - 13. Let v(i) = i + 14. Let l(c) = -2*k(c) - 3*v(c). Let o be l(15). What is the tens digit of (o - -3 - 1) + 91?
9
Let w(v) = -9*v**3 + 10*v**2 + 52*v - 14. What is the hundreds digit of w(-6)?
9
Suppose j = 87 + 23. Suppose 0 = 3*n + 117 - 153. Suppose 3*h - n = 2*p - j, -153 = -3*p + 3*h. What is the tens digit of p?
5
Let w be (195/(-60))/(2/152) - 5. What is the hundreds digit of -28*(5 - w/16)*-1?
5
Let v = 2110 - 1309. Suppose 1004 = 5*h + d - 5*d, d + v = 4*h. What is the tens digit of h?
0
Let c = 15770 - 6377. What is the tens digit of c?
9
Let m = 30 - 27. Let v be (9 - m) + (-1 - 2). Suppose -v*o - 228 = -9*o. What is the units digit of o?
8
Suppose -5*x = -5*t + 78000, 25 = x + 19. What is the ten thousands digit of t?
1
Let y(d) = 3*d**3 + 40*d**2 - 30*d - 20. What is the units digit of y(11)?
3
Let h be 60*(-129)/(-9)*(-2)/2. Let o = -490 - h. Suppose -750 = -7*x + o. What is the units digit of x?
0
What is the units digit of ((-72898)/35 - 9)/((-4)/20)?
9
Suppose -x = -0*p - 2*p - 247, 0 = 5*x + 2*p - 1295. Suppose x = t + c, 769 = -t + 4*t + 2*c. What is the tens digit of t?
5
Suppose -104 = -10*w - 3*w. Suppose -w*u + 1407 = -5*u. What is the units digit of u?
9
Suppose 2*y - 2*x - 158 = -3*y, 3*y - 94 = 2*x. Suppose y*i = 17*i + 8115. What is the tens digit of i?
4
Let c = -50 - -54. Suppose 0 = m + y - 425, -295 = -3*m - c*y + 984. What is the units digit of m?
1
Suppose -y + 54 = y - 4*j, j - 34 = -2*y. Suppose -26*m + y*m = 14. What is the tens digit of (m + -38)/(-1*12/18)?
6
Let f = 3667 - 2221. Suppose -2*x - f = -2*h, -3*h - x = -3*x - 2167. What is the tens digit of h?
2
Suppose -3*j - 47350 = -5*b, 489*b = 488*b - 4*j + 9447. What is the hundreds digit of b?
4
Let o be 3/1*(-3 - 0)/(-3). Suppose o*l = 49*l - 736. What is the units digit of l?
6
Suppose 3*a - 4*a - 19 = -5*c, -13 = -3*c + a. Suppose c*g - 903 = -4*m, -3*m - 619 = -4*g + 2*g. What is the hundreds digit of g?
3
Let j = 6 + 91. Let v(c) = 4*c - 16. Let l be v(5). Suppose l*x - j = 95. What is the tens digit of x?
4
Let i = 23604 + -5676. What is the hundreds digit of i?
9
Suppose -2*p - 4*h = -8*h + 106, -5*h = 10. Suppose -547 - 323 = -6*s. Let z = s + p. What is the units digit of z?
8
Let h = 42458 + -24097. What is the tens digit of h?
6
Let d(i) = -9*i - 238. Let u be d(-22). What is the hundreds digit of (-37184)/u + ((-48)/(-20) - 2)?
9
Let y(d) = 3497*d**2 - 93*d + 471. What is the thousands digit of y(5)?
7
Let p be (-4144 + -2)/(-2) - (17 + -16). Suppose -p = -4*w - 4*w. What is the units digit of w?
9
Suppose -5*k = 28*g - 31*g - 36126, -4*k = 2*g - 28892. What is the hundreds digit of k?
2
Let r be -6 + 4 - (-7 - -5). Suppose r = -9*h + 2717 - 521. What is the hundreds digit of h?
2
Let d be (-16)/((2 - (-36)/(-14))/2). Let v be 16/d - (0 + 948/(-14)). Let m = -35 + v. What is the tens digit of m?
3
Let k(q) = -q**3 - 8*q**2 - 2*q - 25. Let n be k(-8). Let z = 14 + n. Suppose 0 = p - z*p - 3*s + 829, 4*s = -3*p + 627. What is the units digit of p?
5
Let s(f) = -2*f**2 + 55*f - 15. Suppose 322 = -39*u + 62*u. What is the units digit of s(u)?
3
Let o be 8/28 - (-27)/(-21). Let v be (o - 1*-45) + -4. Let j = v + -35. What is the units digit of j?
5
Let v(a) = 2*a**3 - 5*a**2 + 3*a + 2. Let r be 0 + 2/(-2)*-3. Let p be v(r). What is the tens digit of (-14)/(6/(-57)*p - -2)?
3
Suppose 8*k - 3740 = -3*k. Suppose 850 = 5*c - a, -4*a = c + c - k. What is the units digit of c?
0
Suppose -4*y + 3*d + 68 = 0, -3*d = -2*y - 0*d + 40. Let a = y - 12. Suppose 0 = -a*z + 45 + 87. What is the units digit of z?
6
Suppose -19*g + 386153 + 46324 = 10*g. What is the thousands digit of g?
4
Suppose -86*d - 165421 = -942451 + 5610. What is the units digit of d?
0
Suppose 49*y - 46*y = 3. Suppose 2*b = -3*w + y, 0*b - 3*b = -4*w - 10. Suppose b = 2*c - 28. What is the tens digit of c?
1
Let h = 30061 + -6948. What is the units digit of h?
3
Let g be (-20)/3*9/(-6). Let d = 1821 - 1823. What is the units digit of d/g - ((-1432)/10 + 4)?
9
Suppose 87*l + 337*l - 6283035 = 434821. What is the hundreds digit of l?
8
Suppose -20*y - 3*y - 55*y = -1555944. What is the ten thousands digit of y?
1
Suppose 4987164 = 2210*p - 2132*p. What is the thousands digit of p?
3
Let w(y) = -5*y - 97. Let u be w(-19). What is the units digit of u*(-426)/4 - 4?
9
Let m(y) = -416*y - 277. What is the units digit of m(-26)?
9
Let f be 4353/21 - 2/7. Let s be (-2)/8*-179 - 430/(-344). What is the units digit of f/s*172/6?
9
Suppose 0 = -2*w + 5*r + 4305, -5*w + 2*r + 4296 = -3*w. What is the thousands digit of w?
2
Suppose 2*g + 2*r - 3726 = 0, 836 = -3*g + 4*r + 6411. Let c = g + -1149. What is the hundreds digit of c?
7
Suppose 2163 - 7155 = -13*g. Let q = 1970 - g. What is the thousands digit of q?
1
What is the units digit of ((-26496)/(-27))/((8 - 605/75)*-1)?
0
Suppose -5*h - 12 = -4*q - 8*h, 5*h = q + 20. Suppose 20*a - 5*a + 11625 = q. What is the units digit of a/(-20) - (-15)/(-20)?
8
Suppose -93*c + 85*c = 6168. Let f = 772 + c. What is the units digit of f?
1
Let s = -3921 - -4193. What is the hundreds digit of s?
2
Suppose -62 = -9*v + 10. Let i be 34 - 2/v*4. What is the units digit of (-2)/(-3) + 2948/i?
0
Let n = -300 - -358. Suppose d = -2*k - 2*d + n, 0 = 2*d + 8. What is the units digit of k?
5
Let y = 25 - 71. Let p = -46 - y. Suppose -2*q = -2*t - 114, p*t = -t. What is the tens digit of q?
5
Suppose 4*i + 3863 = -r, 4*i + 2*r = -2*r - 3860. Let v = i + 1664. What is the units digit of v?
8
Suppose -5*t = -m, -t - 15 + 1 = -3*m. Suppose 3170 = -2*d + 6*d + y, 3*y = m*d - 3954. What is the hundreds digit of d?
7
What is the tens digit of ((-81)/6 - -3)*(-167382)/357?
2
What is the units digit of (((-228)/(-266))/(5/(-868)))/(7/(-980))?
2
Let i(j) = -23*j**2 - 31 + 9*j - 2*j + 52*j**2. What is the units digit of i(4)?
1
Let d(k) = 2*k**2 - 18*k - 44. Let l be d(11). Suppose l*i + 5*i - s - 387 = 0, -i - s = -75. What is the tens digit of i?
7
Suppose -16*q + 121346 = -311070. What is the 